660 is divided by 10732.
536
What is the remainder when 100460 is divided by 20040?
260
Calculate the remainder when 95901 is divided by 205.
166
What is the remainder when 38279 is divided by 3759?
689
Calculate the remainder when 157979509 is divided by 33.
28
What is the remainder when 1775307 is divided by 478?
15
Calculate the remainder when 95915416 is divided by 2919.
2914
Calculate the remainder when 7614342 is divided by 25213.
16
What is the remainder when 14576736 is divided by 90?
66
What is the remainder when 660115 is divided by 54802?
2491
What is the remainder when 50045 is divided by 8322?
113
Calculate the remainder when 9014462 is divided by 4762.
4758
What is the remainder when 95803 is divided by 3427?
3274
Calculate the remainder when 1627780 is divided by 56130.
10
Calculate the remainder when 117351 is divided by 19414.
867
What is the remainder when 85525 is divided by 82?
81
Calculate the remainder when 679034 is divided by 67894.
94
What is the remainder when 905416 is divided by 532?
484
What is the remainder when 1676191 is divided by 39909?
13
Calculate the remainder when 140112068 is divided by 212.
208
What is the remainder when 10695050 is divided by 465001?
27
What is the remainder when 1830190 is divided by 84?
82
Calculate the remainder when 399497 is divided by 84.
77
Calculate the remainder when 2839925 is divided by 12.
5
Calculate the remainder when 1796684 is divided by 75.
59
Calculate the remainder when 20843046 is divided by 6947678.
12
Calculate the remainder when 5851582 is divided by 28.
2
What is the remainder when 87187145 is divided by 866?
863
What is the remainder when 59651 is divided by 59643?
8
What is the remainder when 845061 is divided by 5?
1
Calculate the remainder when 1343510 is divided by 331.
312
Calculate the remainder when 81663 is divided by 11666.
1
What is the remainder when 95460554 is divided by 964248?
2
Calculate the remainder when 162329 is divided by 32378.
439
What is the remainder when 2287184 is divided by 86?
14
What is the remainder when 3825469 is divided by 2130?
2119
Calculate the remainder when 156116 is divided by 5810.
5056
What is the remainder when 46124169 is divided by 24?
9
What is the remainder when 16546065 is divided by 308?
305
What is the remainder when 843829 is divided by 203?
161
Calculate the remainder when 27757 is divided by 6928.
45
What is the remainder when 353458388 is divided by 45?
38
What is the remainder when 1185172 is divided by 278?
58
Calculate the remainder when 572018 is divided by 1743.
314
What is the remainder when 86645509 is divided by 7061?
7039
What is the remainder when 372478 is divided by 739?
22
Calculate the remainder when 5122915 is divided by 39.
31
What is the remainder when 7286746 is divided by 430?
396
Calculate the remainder when 28477 is divided by 7086.
133
What is the remainder when 14173083 is divided by 14230?
3
Calculate the remainder when 3341380 is divided by 2518.
2512
Calculate the remainder when 229119 is divided by 166.
39
Calculate the remainder when 12118055 is divided by 4039271.
242
What is the remainder when 32872367 is divided by 122658?
23
What is the remainder when 211964 is divided by 787?
261
Calculate the remainder when 531723969 is divided by 141.
138
Calculate the remainder when 313318 is divided by 4234.
2
Calculate the remainder when 23242514 is divided by 40.
34
What is the remainder when 181358 is divided by 3231?
422
Calculate the remainder when 50579 is divided by 440.
419
Calculate the remainder when 181683 is divided by 3562.
21
Calculate the remainder when 89023 is divided by 3533.
698
What is the remainder when 261705 is divided by 56?
17
What is the remainder when 1384870 is divided by 14732?
62
Calculate the remainder when 4531056 is divided by 13.
10
Calculate the remainder when 196288 is divided by 99.
70
What is the remainder when 2149006 is divided by 93434?
24
Calculate the remainder when 470948046 is divided by 521.
516
What is the remainder when 866700 is divided by 173332?
40
What is the remainder when 16004 is divided by 2582?
512
What is the remainder when 159898 is divided by 634?
130
Calculate the remainder when 32817 is divided by 6651.
6213
What is the remainder when 16457297 is divided by 26891?
5
Calculate the remainder when 5663780 is divided by 785.
5
What is the remainder when 15825491 is divided by 4423?
4420
What is the remainder when 2939614 is divided by 1469776?
62
Calculate the remainder when 3331891 is divided by 31732.
31
What is the remainder when 18841182 is divided by 27?
15
Calculate the remainder when 6288064 is divided by 1031.
1026
What is the remainder when 179523915 is divided by 33025?
15
Calculate the remainder when 117024 is divided by 116875.
149
Calculate the remainder when 19853901 is divided by 296.
293
Calculate the remainder when 12857725 is divided by 416.
413
What is the remainder when 88226 is divided by 112?
82
What is the remainder when 4619995 is divided by 462?
457
Calculate the remainder when 225936621 is divided by 11.
9
Calculate the remainder when 37896 is divided by 2168.
1040
What is the remainder when 53303142 is divided by 212?
194
What is the remainder when 12575473 is divided by 6287730?
13
What is the remainder when 45843 is divided by 14678?
1809
Calculate the remainder when 336224 is divided by 118.
42
What is the remainder when 7382804 is divided by 946?
220
Calculate the remainder when 10270338 is divided by 918.
672
What is the remainder when 2128029 is divided by 3069?
1212
Calculate the remainder when 125294 is divided by 1360.
174
What is the remainder when 1971072 is divided by 129?
81
What is the remainder when 2971704 is divided by 445?
439
What is the remainder when 1567202 is divided by 60?
2
Calculate the remainder when 63831 is divided by 10409.
1377
What is the remainder when 186301 is divided by 663?
661
What is the remainder when 7572 is divided by 97?
6
Calculate the remainder when 378501 is divided by 124118.
6147
What is the remainder when 1624569 is divided by 1624496?
73
Calculate the remainder when 5946769 is divided by 691.
23
Calculate the remainder when 1051630 is divided by 610.
600
Calculate the remainder when 2226912 is divided by 1063.
990
What is the remainder when 2105711 is divided by 19?
17
What is the remainder when 160463852 is divided by 19?
17
Calculate the remainder when 538744093 is divided by 27.
25
Calculate the remainder when 1561381 is divided by 545.
501
What is the remainder when 497231 is divided by 584?
247
What is the remainder when 3945223 is divided by 736?
263
Calculate the remainder when 104345476 is divided by 43.
42
What is the remainder when 5625829 is divided by 90?
19
Calculate the remainder when 206940 is divided by 5532.
2256
Calculate the remainder when 677894 is divided by 877.
850
Calculate the remainder when 10658926 is divided by 173.
50
Calculate the remainder when 51169 is divided by 4226.
457
Calculate the remainder when 169971 is divided by 6294.
33
Calculate the remainder when 53869 is divided by 3002.
2835
Calculate the remainder when 843792 is divided by 13390.
222
Calculate the remainder when 351679 is divided by 15982.
75
Calculate the remainder when 12858887 is divided by 9271.
10
What is the remainder when 81495863 is divided by 20?
3
Calculate the remainder when 1419429 is divided by 24.
21
What is the remainder when 72065062 is divided by 474?
472
What is the remainder when 74973 is divided by 720?
93
Calculate the remainder when 452712 is divided by 8976.
3912
Calculate the remainder when 280817 is divided by 46791.
71
Calculate the remainder when 1721733 is divided by 148.
49
What is the remainder when 2832892 is divided by 708136?
348
Calculate the remainder when 35178500 is divided by 8794620.
20
What is the remainder when 10569028 is divided by 13726?
8
What is the remainder when 186679 is divided by 253?
218
What is the remainder when 181835 is divided by 4426?
369
Calculate the remainder when 94503399 is divided by 522.
519
What is the remainder when 2142643 is divided by 82407?
61
Calculate the remainder when 7966030 is divided by 671.
589
Calculate the remainder when 208321 is divided by 228.
157
What is the remainder whe